{"id":73,"date":"2022-04-08T12:06:37","date_gmt":"2022-04-08T10:06:37","guid":{"rendered":"https:\/\/ostcjknjiznica.splet.arnes.si\/?page_id=73"},"modified":"2023-02-23T11:31:03","modified_gmt":"2023-02-23T10:31:03","slug":"nacionalni-mesec-skupnega-branja","status":"publish","type":"page","link":"https:\/\/ostcjknjiznica.splet.arnes.si\/?page_id=73","title":{"rendered":"NACIONALNI MESEC SKUPNEGA BRANJA"},"content":{"rendered":"\n<figure class=\"wp-block-image size-full is-resized\"><img loading=\"lazy\" decoding=\"async\" src=\"https:\/\/ostcjknjiznica.splet.arnes.si\/files\/2023\/02\/nacionalni-mesec.png\" alt=\"\" class=\"wp-image-237\" width=\"336\" height=\"474\" srcset=\"https:\/\/ostcjknjiznica.splet.arnes.si\/files\/2023\/02\/nacionalni-mesec.png 346w, https:\/\/ostcjknjiznica.splet.arnes.si\/files\/2023\/02\/nacionalni-mesec-213x300.png 213w\" sizes=\"auto, (max-width: 336px) 100vw, 336px\" \/><figcaption><em>Vir: <\/em><a href=\"https:\/\/www.bralnaznacka.si\/sl\/beremo-skupaj-nmsb\/\"><em>https:\/\/www.bralnaznacka.si\/sl\/beremo-skupaj-nmsb\/<\/em><\/a><\/figcaption><\/figure>\n\n\n\n<p>V leto\u0161njem \u0161olskem letu se bomo priklju\u010dili petemu Nacionalnemu mesecu skupnega branja 2022 (8. 9.&nbsp; \u2013 9. 10 . 2022). V okviru dogodkov se bomo posvetili vsem dosedanjim bralnim projektom, ki smo jih izvajali v preteklih letih, poseben poudarek pa je letos v mesecu branja&nbsp; namenjen povezavi med branjem in gibanjem. Izhodi\u0161\u010de je misel irskega pisatelja in politika Richarda povezavi med branjem in gibanjem. Izhodi\u0161\u010de je misel irskega pisatelja in politika Richarda Steela (1672\u20131729), ki poudarja povezanost med umom in telesom, med gibanjem, \u0161portom in du\u0161evnim razvojem: \u00bbBranje je za duha to, kar je telovadba za telo.<\/p>\n\n\n\n<p><\/p>\n\n\n\n<p><\/p>\n\n\n\n<p><\/p>\n\n\n\n<p>Gre za:<br>\u2022 Spodbujanje\/oblikovanje zdravega \u017eivljenjskega sloga, spretnosti, razvoja nasploh.<br>\u2022Vloga kakovostnega pre\u017eivljanja prostega \u010dasa. Sprostitev.<br>\u2022Oblikovanje ustvarjalne osebnosti &#8211; pozitiven odnos tako do branja kot do gibanja.<br>\u2022Vse\u017eivljenjski proces pri obojem \u2013 nenehno razvijanje in bogatenje sposobnosti \u2013 vitalnost, dobro po\u010dutje.<br>\u2022Gibanje, namenjeno\/prilagojeno ljudem z razli\u010dnimi omejitvami, interesi, potrebami \u2026<br>\u2022Rehabilitacijski\/terapevtski vidik obojega (URL: <a href=\"https:\/\/www.bralnaznacka.si\/sl\/beremo-skupaj-nmsb\/\">https:\/\/www.bralnaznacka.si\/sl\/beremo-skupaj-nmsb\/<\/a>, 1. 9. 2022).<br><br>Na na\u0161i \u0161oli bo&nbsp; potekal&nbsp;od 8. septembra dalje preko celega \u0161olskega leta. Povezovali bomo kulturo in branja in gibanja predvsem s sprehodi v naravo in branjem v naravi, izbirali ustrezne lokacije za branje v naravi, povezali branje s \u0161portom, izbrali in brali vsebine, vezane na \u0161port, spoznavali razli\u010dne oblike omejitev gibanja.<\/p>\n","protected":false},"excerpt":{"rendered":"<p>V leto\u0161njem \u0161olskem letu se bomo priklju\u010dili petemu Nacionalnemu mesecu skupnega branja 2022 (8. 9.&nbsp; \u2013 9. 10 . 2022). V okviru dogodkov se bomo posvetili vsem dosedanjim bralnim projektom, ki smo jih izvajali v preteklih letih, poseben poudarek pa je letos v mesecu branja&nbsp; namenjen povezavi med branjem in gibanjem. Izhodi\u0161\u010de je misel irskega &hellip; <a href=\"https:\/\/ostcjknjiznica.splet.arnes.si\/?page_id=73\" class=\"more-link\">Preberi ve\u010d <span class=\"screen-reader-text\">NACIONALNI MESEC SKUPNEGA BRANJA<\/span> <span class=\"meta-nav\">&rarr;<\/span><\/a><\/p>\n","protected":false},"author":19987,"featured_media":0,"parent":0,"menu_order":0,"comment_status":"closed","ping_status":"closed","template":"","meta":{"footnotes":""},"class_list":["post-73","page","type-page","status-publish","hentry"],"_links":{"self":[{"href":"https:\/\/ostcjknjiznica.splet.arnes.si\/index.php?rest_route=\/wp\/v2\/pages\/73","targetHints":{"allow":["GET"]}}],"collection":[{"href":"https:\/\/ostcjknjiznica.splet.arnes.si\/index.php?rest_route=\/wp\/v2\/pages"}],"about":[{"href":"https:\/\/ostcjknjiznica.splet.arnes.si\/index.php?rest_route=\/wp\/v2\/types\/page"}],"author":[{"embeddable":true,"href":"https:\/\/ostcjknjiznica.splet.arnes.si\/index.php?rest_route=\/wp\/v2\/users\/19987"}],"replies":[{"embeddable":true,"href":"https:\/\/ostcjknjiznica.splet.arnes.si\/index.php?rest_route=%2Fwp%2Fv2%2Fcomments&post=73"}],"version-history":[{"count":7,"href":"https:\/\/ostcjknjiznica.splet.arnes.si\/index.php?rest_route=\/wp\/v2\/pages\/73\/revisions"}],"predecessor-version":[{"id":288,"href":"https:\/\/ostcjknjiznica.splet.arnes.si\/index.php?rest_route=\/wp\/v2\/pages\/73\/revisions\/288"}],"wp:attachment":[{"href":"https:\/\/ostcjknjiznica.splet.arnes.si\/index.php?rest_route=%2Fwp%2Fv2%2Fmedia&parent=73"}],"curies":[{"name":"wp","href":"https:\/\/api.w.org\/{rel}","templated":true}]}}

<figure class="wp-block-image size-full is-resized"><img loading="lazy" decoding="async" src="https://ostcjknjiznica.splet.arnes.si/files/2023/02/nacionalni-mesec.png" alt="" class="wp-image-237" width="336" height="474" srcset="https://ostcjknjiznica.splet.arnes.si/files/2023/02/nacionalni-mesec.png 346w, https://ostcjknjiznica.splet.arnes.si/files/2023/02/nacionalni-mesec-213x300.png 213w" sizes="auto, (max-width: 336px) 100vw, 336px" /><figcaption><em>Vir: </em><a href="https://www.bralnaznacka.si/sl/beremo-skupaj-nmsb/"><em>https://www.bralnaznacka.si/sl/beremo-skupaj-nmsb/</em></a></figcaption></figure>



<p>V letošnjem šolskem letu se bomo priključili petemu Nacionalnemu mesecu skupnega branja 2022 (8. 9.&nbsp; – 9. 10 . 2022). V okviru dogodkov se bomo posvetili vsem dosedanjim bralnim projektom, ki smo jih izvajali v preteklih letih, poseben poudarek pa je letos v mesecu branja&nbsp; namenjen povezavi med branjem in gibanjem. Izhodišče je misel irskega pisatelja in politika Richarda povezavi med branjem in gibanjem. Izhodišče je misel irskega pisatelja in politika Richarda Steela (1672–1729), ki poudarja povezanost med umom in telesom, med gibanjem, športom in duševnim razvojem: »Branje je za duha to, kar je telovadba za telo.</p>



<p></p>



<p></p>



<p></p>



<p>Gre za:<br>• Spodbujanje/oblikovanje zdravega življenjskega sloga, spretnosti, razvoja nasploh.<br>•Vloga kakovostnega preživljanja prostega časa. Sprostitev.<br>•Oblikovanje ustvarjalne osebnosti &#8211; pozitiven odnos tako do branja kot do gibanja.<br>•Vseživljenjski proces pri obojem – nenehno razvijanje in bogatenje sposobnosti – vitalnost, dobro počutje.<br>•Gibanje, namenjeno/prilagojeno ljudem z različnimi omejitvami, interesi, potrebami …<br>•Rehabilitacijski/terapevtski vidik obojega (URL: <a href="https://www.bralnaznacka.si/sl/beremo-skupaj-nmsb/">https://www.bralnaznacka.si/sl/beremo-skupaj-nmsb/</a>, 1. 9. 2022).<br><br>Na naši šoli bo&nbsp; potekal&nbsp;od 8. septembra dalje preko celega šolskega leta. Povezovali bomo kulturo in branja in gibanja predvsem s sprehodi v naravo in branjem v naravi, izbirali ustrezne lokacije za branje v naravi, povezali branje s športom, izbrali in brali vsebine, vezane na šport, spoznavali različne oblike omejitev gibanja.</p>

<p>V letošnjem šolskem letu se bomo priključili petemu Nacionalnemu mesecu skupnega branja 2022 (8. 9.&nbsp; – 9. 10 . 2022). V okviru dogodkov se bomo posvetili vsem dosedanjim bralnim projektom, ki smo jih izvajali v preteklih letih, poseben poudarek pa je letos v mesecu branja&nbsp; namenjen povezavi med branjem in gibanjem. Izhodišče je misel irskega &hellip; <a href="https://ostcjknjiznica.splet.arnes.si/?page_id=73" class="more-link">Preberi več <span class="screen-reader-text">NACIONALNI MESEC SKUPNEGA BRANJA</span> <span class="meta-nav">&rarr;</span></a></p>
