{"id":71,"date":"2022-04-08T12:06:37","date_gmt":"2022-04-08T10:06:37","guid":{"rendered":"https:\/\/ostcjknjiznica.splet.arnes.si\/?page_id=71"},"modified":"2023-02-23T11:37:14","modified_gmt":"2023-02-23T10:37:14","slug":"branje-za-znanje","status":"publish","type":"page","link":"https:\/\/ostcjknjiznica.splet.arnes.si\/?page_id=71","title":{"rendered":"BRANJE ZA ZNANJE"},"content":{"rendered":"<div class=\"wp-block-image\">\n<figure class=\"alignleft size-full is-resized\"><img loading=\"lazy\" decoding=\"async\" src=\"https:\/\/ostcjknjiznica.splet.arnes.si\/files\/2023\/02\/branje3.jpg\" alt=\"\" class=\"wp-image-270\" width=\"177\" height=\"240\" \/><\/figure>\n<\/div>\n\n\n<p>Zaradi upada interesa za branje in ni\u017eanja nivoja bralne kulture \u017ee nekaj let na na\u0161i \u0161oli postavljamo v ospredje dejavnosti povezane z branjem. Branje za znanje je ve\u010dletni \u0161olski projekt, s katerim \u017eelimo knjige in branje pribli\u017eati bralcem. Projekt bo potekal preko \u0161olskega leta in se bo odvijal v okviru ene od dejavnosti Nacionalnega meseca skupnega branja.V okviru projekta na\u010drtujemo aktivnosti v \u0161olski knji\u017enici, ki spodbujajo motivacijo in krepijo\u00a0 interes za branje, razvijajo pozitiven odnos do branja, utrjujejo tehniko branja, razvijajo kriti\u010dno mi\u0161ljenje. Dejavnosti se povezujejo z dnevi dejavnosti in dogodki, povezanimi z literaturo in branjem, izvajajo se tudi v medpredmetnih povezavah obveznih predmetov s knji\u017eni\u010dno informacijskimi znanji. Dejavnosti potekajo preko celega \u0161olskega leta. Pod okriljem projekta Branje za znanje poteka dejavnost za tretje\u0161olce.<br>Veliko u\u010dencem v tem starostnem obdobju branje predstavlja vsakodnevne izzive. Ti u\u010denci se urijo v tehnikah branja, razumevanju, nadgradnji, glasnim poudarjenim branjem, nastopanju z branjem. K projektu so povabljeni star\u0161i, ker je pri usvajanju branja nujno potrebna vsakodnevna rutina ne samo v \u0161oli, zelo spodbudni so zgledi doma.<\/p>\n\n\n\n<figure class=\"wp-block-image size-full\"><img loading=\"lazy\" decoding=\"async\" width=\"222\" height=\"486\" src=\"https:\/\/ostcjknjiznica.splet.arnes.si\/files\/2023\/02\/branje-1-1.jpg\" alt=\"\" class=\"wp-image-267\" srcset=\"https:\/\/ostcjknjiznica.splet.arnes.si\/files\/2023\/02\/branje-1-1.jpg 222w, https:\/\/ostcjknjiznica.splet.arnes.si\/files\/2023\/02\/branje-1-1-137x300.jpg 137w\" sizes=\"auto, (max-width: 222px) 100vw, 222px\" \/><\/figure>\n\n\n\n<figure class=\"wp-block-image size-full\"><img loading=\"lazy\" decoding=\"async\" width=\"237\" height=\"318\" src=\"https:\/\/ostcjknjiznica.splet.arnes.si\/files\/2023\/02\/branje2.jpg\" alt=\"\" class=\"wp-image-269\" srcset=\"https:\/\/ostcjknjiznica.splet.arnes.si\/files\/2023\/02\/branje2.jpg 237w, https:\/\/ostcjknjiznica.splet.arnes.si\/files\/2023\/02\/branje2-224x300.jpg 224w\" sizes=\"auto, (max-width: 237px) 100vw, 237px\" \/><\/figure>\n\n\n\n<p><\/p>\n\n\n\n<p><\/p>\n\n\n\n<p><\/p>\n\n\n\n<p><\/p>\n\n\n\n<p><\/p>\n","protected":false},"excerpt":{"rendered":"<p>Zaradi upada interesa za branje in ni\u017eanja nivoja bralne kulture \u017ee nekaj let na na\u0161i \u0161oli postavljamo v ospredje dejavnosti povezane z branjem. Branje za znanje je ve\u010dletni \u0161olski projekt, s katerim \u017eelimo knjige in branje pribli\u017eati bralcem. Projekt bo potekal preko \u0161olskega leta in se bo odvijal v okviru ene od dejavnosti Nacionalnega meseca &hellip; <a href=\"https:\/\/ostcjknjiznica.splet.arnes.si\/?page_id=71\" class=\"more-link\">Preberi ve\u010d <span class=\"screen-reader-text\">BRANJE ZA ZNANJE<\/span> <span class=\"meta-nav\">&rarr;<\/span><\/a><\/p>\n","protected":false},"author":19987,"featured_media":0,"parent":0,"menu_order":0,"comment_status":"closed","ping_status":"closed","template":"","meta":{"footnotes":""},"class_list":["post-71","page","type-page","status-publish","hentry"],"_links":{"self":[{"href":"https:\/\/ostcjknjiznica.splet.arnes.si\/index.php?rest_route=\/wp\/v2\/pages\/71","targetHints":{"allow":["GET"]}}],"collection":[{"href":"https:\/\/ostcjknjiznica.splet.arnes.si\/index.php?rest_route=\/wp\/v2\/pages"}],"about":[{"href":"https:\/\/ostcjknjiznica.splet.arnes.si\/index.php?rest_route=\/wp\/v2\/types\/page"}],"author":[{"embeddable":true,"href":"https:\/\/ostcjknjiznica.splet.arnes.si\/index.php?rest_route=\/wp\/v2\/users\/19987"}],"replies":[{"embeddable":true,"href":"https:\/\/ostcjknjiznica.splet.arnes.si\/index.php?rest_route=%2Fwp%2Fv2%2Fcomments&post=71"}],"version-history":[{"count":14,"href":"https:\/\/ostcjknjiznica.splet.arnes.si\/index.php?rest_route=\/wp\/v2\/pages\/71\/revisions"}],"predecessor-version":[{"id":297,"href":"https:\/\/ostcjknjiznica.splet.arnes.si\/index.php?rest_route=\/wp\/v2\/pages\/71\/revisions\/297"}],"wp:attachment":[{"href":"https:\/\/ostcjknjiznica.splet.arnes.si\/index.php?rest_route=%2Fwp%2Fv2%2Fmedia&parent=71"}],"curies":[{"name":"wp","href":"https:\/\/api.w.org\/{rel}","templated":true}]}}

<div class="wp-block-image">
<figure class="alignleft size-full is-resized"><img loading="lazy" decoding="async" src="https://ostcjknjiznica.splet.arnes.si/files/2023/02/branje3.jpg" alt="" class="wp-image-270" width="177" height="240" /></figure>
</div>


<p>Zaradi upada interesa za branje in nižanja nivoja bralne kulture že nekaj let na naši šoli postavljamo v ospredje dejavnosti povezane z branjem. Branje za znanje je večletni šolski projekt, s katerim želimo knjige in branje približati bralcem. Projekt bo potekal preko šolskega leta in se bo odvijal v okviru ene od dejavnosti Nacionalnega meseca skupnega branja.V okviru projekta načrtujemo aktivnosti v šolski knjižnici, ki spodbujajo motivacijo in krepijo  interes za branje, razvijajo pozitiven odnos do branja, utrjujejo tehniko branja, razvijajo kritično mišljenje. Dejavnosti se povezujejo z dnevi dejavnosti in dogodki, povezanimi z literaturo in branjem, izvajajo se tudi v medpredmetnih povezavah obveznih predmetov s knjižnično informacijskimi znanji. Dejavnosti potekajo preko celega šolskega leta. Pod okriljem projekta Branje za znanje poteka dejavnost za tretješolce.<br>Veliko učencem v tem starostnem obdobju branje predstavlja vsakodnevne izzive. Ti učenci se urijo v tehnikah branja, razumevanju, nadgradnji, glasnim poudarjenim branjem, nastopanju z branjem. K projektu so povabljeni starši, ker je pri usvajanju branja nujno potrebna vsakodnevna rutina ne samo v šoli, zelo spodbudni so zgledi doma.</p>



<figure class="wp-block-image size-full"><img loading="lazy" decoding="async" width="222" height="486" src="https://ostcjknjiznica.splet.arnes.si/files/2023/02/branje-1-1.jpg" alt="" class="wp-image-267" srcset="https://ostcjknjiznica.splet.arnes.si/files/2023/02/branje-1-1.jpg 222w, https://ostcjknjiznica.splet.arnes.si/files/2023/02/branje-1-1-137x300.jpg 137w" sizes="auto, (max-width: 222px) 100vw, 222px" /></figure>



<figure class="wp-block-image size-full"><img loading="lazy" decoding="async" width="237" height="318" src="https://ostcjknjiznica.splet.arnes.si/files/2023/02/branje2.jpg" alt="" class="wp-image-269" srcset="https://ostcjknjiznica.splet.arnes.si/files/2023/02/branje2.jpg 237w, https://ostcjknjiznica.splet.arnes.si/files/2023/02/branje2-224x300.jpg 224w" sizes="auto, (max-width: 237px) 100vw, 237px" /></figure>



<p></p>



<p></p>



<p></p>



<p></p>



<p></p>

<p>Zaradi upada interesa za branje in nižanja nivoja bralne kulture že nekaj let na naši šoli postavljamo v ospredje dejavnosti povezane z branjem. Branje za znanje je večletni šolski projekt, s katerim želimo knjige in branje približati bralcem. Projekt bo potekal preko šolskega leta in se bo odvijal v okviru ene od dejavnosti Nacionalnega meseca &hellip; <a href="https://ostcjknjiznica.splet.arnes.si/?page_id=71" class="more-link">Preberi več <span class="screen-reader-text">BRANJE ZA ZNANJE</span> <span class="meta-nav">&rarr;</span></a></p>
