{"id":70,"date":"2022-04-08T12:06:37","date_gmt":"2022-04-08T10:06:37","guid":{"rendered":"https:\/\/ostcjknjiznica.splet.arnes.si\/?page_id=70"},"modified":"2023-02-23T11:02:07","modified_gmt":"2023-02-23T10:02:07","slug":"nasa-mala-knjiznica","status":"publish","type":"page","link":"https:\/\/ostcjknjiznica.splet.arnes.si\/?page_id=70","title":{"rendered":"NA\u0160A MALA KNJI\u017dNICA"},"content":{"rendered":"\n<p>Pridru\u017eili se bomo mednarodnemu projektu Na\u0161a mala knji\u017enica. Namenjen je spodbujanju branja in dviganju bralne pismenosti ter spoznavanju drugih kultur. Prek branja bomo spoznavali lastna \u010dustva, se u\u010dili razumevanja dru\u017ebenih na\u010del in odnosov, razvijali izra\u017eanje, pomnjenje in sklepanje. Projekt je namenjen u\u010dencem od 1. do 5. razreda.\u00a0 Z izbranimi deli bomo popestrili pouk sloven\u0161\u010dine, glasbene in likovne umetnosti, nadgradili bomo ure v podalj\u0161anem bivanju. Skozi \u0161olsko leto nas bo spremljalo \u0161est slikanic iz Finske, Belgije Litve, Hrva\u0161ke in Slovenije za posamezno starostno obdobje (u\u010denci 1. in 2. razreda ter u\u010denci 3., 4. in 5. razreda).<\/p>\n","protected":false},"excerpt":{"rendered":"<p>Pridru\u017eili se bomo mednarodnemu projektu Na\u0161a mala knji\u017enica. Namenjen je spodbujanju branja in dviganju bralne pismenosti ter spoznavanju drugih kultur. Prek branja bomo spoznavali lastna \u010dustva, se u\u010dili razumevanja dru\u017ebenih na\u010del in odnosov, razvijali izra\u017eanje, pomnjenje in sklepanje. Projekt je namenjen u\u010dencem od 1. do 5. razreda.\u00a0 Z izbranimi deli bomo popestrili pouk sloven\u0161\u010dine, glasbene &hellip; <a href=\"https:\/\/ostcjknjiznica.splet.arnes.si\/?page_id=70\" class=\"more-link\">Preberi ve\u010d <span class=\"screen-reader-text\">NA\u0160A MALA KNJI\u017dNICA<\/span> <span class=\"meta-nav\">&rarr;<\/span><\/a><\/p>\n","protected":false},"author":19987,"featured_media":0,"parent":0,"menu_order":0,"comment_status":"closed","ping_status":"closed","template":"","meta":{"footnotes":""},"class_list":["post-70","page","type-page","status-publish","hentry"],"_links":{"self":[{"href":"https:\/\/ostcjknjiznica.splet.arnes.si\/index.php?rest_route=\/wp\/v2\/pages\/70","targetHints":{"allow":["GET"]}}],"collection":[{"href":"https:\/\/ostcjknjiznica.splet.arnes.si\/index.php?rest_route=\/wp\/v2\/pages"}],"about":[{"href":"https:\/\/ostcjknjiznica.splet.arnes.si\/index.php?rest_route=\/wp\/v2\/types\/page"}],"author":[{"embeddable":true,"href":"https:\/\/ostcjknjiznica.splet.arnes.si\/index.php?rest_route=\/wp\/v2\/users\/19987"}],"replies":[{"embeddable":true,"href":"https:\/\/ostcjknjiznica.splet.arnes.si\/index.php?rest_route=%2Fwp%2Fv2%2Fcomments&post=70"}],"version-history":[{"count":2,"href":"https:\/\/ostcjknjiznica.splet.arnes.si\/index.php?rest_route=\/wp\/v2\/pages\/70\/revisions"}],"predecessor-version":[{"id":266,"href":"https:\/\/ostcjknjiznica.splet.arnes.si\/index.php?rest_route=\/wp\/v2\/pages\/70\/revisions\/266"}],"wp:attachment":[{"href":"https:\/\/ostcjknjiznica.splet.arnes.si\/index.php?rest_route=%2Fwp%2Fv2%2Fmedia&parent=70"}],"curies":[{"name":"wp","href":"https:\/\/api.w.org\/{rel}","templated":true}]}}