{"id":68,"date":"2022-04-08T12:06:37","date_gmt":"2022-04-08T10:06:37","guid":{"rendered":"https:\/\/ostcjknjiznica.splet.arnes.si\/?page_id=68"},"modified":"2023-02-23T10:40:04","modified_gmt":"2023-02-23T09:40:04","slug":"mednarodna-izmenjava-knjiznih-kazalk","status":"publish","type":"page","link":"https:\/\/ostcjknjiznica.splet.arnes.si\/?page_id=68","title":{"rendered":"MEDNARODNA IZMENJAVA KNJI\u017dNIH KAZALK"},"content":{"rendered":"\n<p>Mednarodni projekt izmenjave knji\u017enih kazalk Bookmark Exchange Project organizira IASL Mednarodna zveza \u0161olskih knji\u017enic kot enega od dogodkov, ki se izvajajo v mednarodnem mesecu \u0161olskih knji\u017enic. Projekt izmenjave knji\u017enih kazalk vklju\u010duje in povezuje&nbsp; u\u010dence kot uporabnike knji\u017enic z vsega sveta.<\/p>\n\n\n<div class=\"wp-block-image\">\n<figure class=\"aligncenter size-full\"><img loading=\"lazy\" decoding=\"async\" width=\"227\" height=\"200\" src=\"https:\/\/ostcjknjiznica.splet.arnes.si\/files\/2023\/02\/bookmarks.png\" alt=\"\" class=\"wp-image-235\" \/><figcaption><em>Izmenjava 2021\/22 (foto: Neja Grohar)<\/em><\/figcaption><\/figure>\n<\/div>\n\n\n<p>U\u010denci izdelajo unikatne izdelke-knji\u017ene kazalke, ki si jih \u0161ole izmenjajo po klasi\u010dni po\u0161ti. Projekt je preprost in zabaven na\u010din sklepanja novih prijateljstev s pomo\u010djo \u0161olskih knji\u017enic po vsem svetu, je prilo\u017enost za u\u010denje in utrjevanje branja, pisanja in govorjenja v tujih jezikih. Med drugim so cilji tudi \u0161irjenje obzorij znanega, izra\u017eanje kreativnosti, izvedba procesa od ideje do izdelka in kot nadgradnja povezovanje in komuniciranje z vrstniki \u0161irom sveta. V projekt bodo pri pouku angle\u0161\u010dine povabljeni u\u010denci v dveh starostnih obdobjih: pod 12 in nad 12 let<\/p>\n","protected":false},"excerpt":{"rendered":"<p>Mednarodni projekt izmenjave knji\u017enih kazalk Bookmark Exchange Project organizira IASL Mednarodna zveza \u0161olskih knji\u017enic kot enega od dogodkov, ki se izvajajo v mednarodnem mesecu \u0161olskih knji\u017enic. Projekt izmenjave knji\u017enih kazalk vklju\u010duje in povezuje&nbsp; u\u010dence kot uporabnike knji\u017enic z vsega sveta. U\u010denci izdelajo unikatne izdelke-knji\u017ene kazalke, ki si jih \u0161ole izmenjajo po klasi\u010dni po\u0161ti. Projekt je &hellip; <a href=\"https:\/\/ostcjknjiznica.splet.arnes.si\/?page_id=68\" class=\"more-link\">Preberi ve\u010d <span class=\"screen-reader-text\">MEDNARODNA IZMENJAVA KNJI\u017dNIH KAZALK<\/span> <span class=\"meta-nav\">&rarr;<\/span><\/a><\/p>\n","protected":false},"author":19987,"featured_media":0,"parent":0,"menu_order":0,"comment_status":"closed","ping_status":"closed","template":"","meta":{"footnotes":""},"class_list":["post-68","page","type-page","status-publish","hentry"],"_links":{"self":[{"href":"https:\/\/ostcjknjiznica.splet.arnes.si\/index.php?rest_route=\/wp\/v2\/pages\/68","targetHints":{"allow":["GET"]}}],"collection":[{"href":"https:\/\/ostcjknjiznica.splet.arnes.si\/index.php?rest_route=\/wp\/v2\/pages"}],"about":[{"href":"https:\/\/ostcjknjiznica.splet.arnes.si\/index.php?rest_route=\/wp\/v2\/types\/page"}],"author":[{"embeddable":true,"href":"https:\/\/ostcjknjiznica.splet.arnes.si\/index.php?rest_route=\/wp\/v2\/users\/19987"}],"replies":[{"embeddable":true,"href":"https:\/\/ostcjknjiznica.splet.arnes.si\/index.php?rest_route=%2Fwp%2Fv2%2Fcomments&post=68"}],"version-history":[{"count":3,"href":"https:\/\/ostcjknjiznica.splet.arnes.si\/index.php?rest_route=\/wp\/v2\/pages\/68\/revisions"}],"predecessor-version":[{"id":254,"href":"https:\/\/ostcjknjiznica.splet.arnes.si\/index.php?rest_route=\/wp\/v2\/pages\/68\/revisions\/254"}],"wp:attachment":[{"href":"https:\/\/ostcjknjiznica.splet.arnes.si\/index.php?rest_route=%2Fwp%2Fv2%2Fmedia&parent=68"}],"curies":[{"name":"wp","href":"https:\/\/api.w.org\/{rel}","templated":true}]}}