{"id":34,"date":"2022-04-08T10:49:41","date_gmt":"2022-04-08T08:49:41","guid":{"rendered":"https:\/\/ostcjknjiznica.splet.arnes.si\/?page_id=34"},"modified":"2023-02-22T10:36:45","modified_gmt":"2023-02-22T09:36:45","slug":"ucbeniski-sklad","status":"publish","type":"page","link":"https:\/\/ostcjknjiznica.splet.arnes.si\/?page_id=34","title":{"rendered":"U\u010cBENI\u0160KI SKLAD"},"content":{"rendered":"\n<p>U\u010denci si v \u0161olskem letu izposodijo ali prejmejo u\u010dbeni\u0161ko gradivo iz u\u010dbeni\u0161kega sklada brezpla\u010dno. Na seznamu za posamezni razred je navedeno, katera gradiva (samostojni delovni zvezki, delovni zvezki, zvezki in ostale \u0161olske potreb\u0161\u010dine) kupijo star\u0161i, katera pa u\u010denci prejmejo v \u0161oli.<\/p>\n\n\n\n<p><strong>U\u010denci od 1. do 5. razreda dobijo vsa u\u010dbeni\u0161ka gradiva v \u0161oli prvi \u0161olski dan, ostali u\u010denci  gradivo prevzamejo po razporedu v prvem tednu pouka.<\/strong><\/p>\n\n\n\n<p><a href=\"https:\/\/ostcjknjiznica.splet.arnes.si\/files\/2023\/02\/NAROCILNICA-ZA-US.pdf\" target=\"_blank\" rel=\"noreferrer noopener\"><strong>NARO\u010cILNICA<\/strong> <\/a>za izposojo gradiva iz u\u010dbeni\u0161kega sklada<\/p>\n\n\n\n<p><a rel=\"noreferrer noopener\" href=\"http:\/\/www.pisrs.si\/Pis.web\/pregledPredpisa?id=PRAV13873\" target=\"_blank\"><strong>PRAVILNIK O UPRAVLJANJU U\u010cBENI\u0160KIH SKLADOV<\/strong><\/a><\/p>\n","protected":false},"excerpt":{"rendered":"<p>U\u010denci si v \u0161olskem letu izposodijo ali prejmejo u\u010dbeni\u0161ko gradivo iz u\u010dbeni\u0161kega sklada brezpla\u010dno. Na seznamu za posamezni razred je navedeno, katera gradiva (samostojni delovni zvezki, delovni zvezki, zvezki in ostale \u0161olske potreb\u0161\u010dine) kupijo star\u0161i, katera pa u\u010denci prejmejo v \u0161oli. U\u010denci od 1. do 5. razreda dobijo vsa u\u010dbeni\u0161ka gradiva v \u0161oli prvi \u0161olski &hellip; <a href=\"https:\/\/ostcjknjiznica.splet.arnes.si\/?page_id=34\" class=\"more-link\">Preberi ve\u010d <span class=\"screen-reader-text\">U\u010cBENI\u0160KI SKLAD<\/span> <span class=\"meta-nav\">&rarr;<\/span><\/a><\/p>\n","protected":false},"author":19987,"featured_media":0,"parent":0,"menu_order":0,"comment_status":"closed","ping_status":"closed","template":"","meta":{"footnotes":""},"class_list":["post-34","page","type-page","status-publish","hentry"],"_links":{"self":[{"href":"https:\/\/ostcjknjiznica.splet.arnes.si\/index.php?rest_route=\/wp\/v2\/pages\/34","targetHints":{"allow":["GET"]}}],"collection":[{"href":"https:\/\/ostcjknjiznica.splet.arnes.si\/index.php?rest_route=\/wp\/v2\/pages"}],"about":[{"href":"https:\/\/ostcjknjiznica.splet.arnes.si\/index.php?rest_route=\/wp\/v2\/types\/page"}],"author":[{"embeddable":true,"href":"https:\/\/ostcjknjiznica.splet.arnes.si\/index.php?rest_route=\/wp\/v2\/users\/19987"}],"replies":[{"embeddable":true,"href":"https:\/\/ostcjknjiznica.splet.arnes.si\/index.php?rest_route=%2Fwp%2Fv2%2Fcomments&post=34"}],"version-history":[{"count":5,"href":"https:\/\/ostcjknjiznica.splet.arnes.si\/index.php?rest_route=\/wp\/v2\/pages\/34\/revisions"}],"predecessor-version":[{"id":200,"href":"https:\/\/ostcjknjiznica.splet.arnes.si\/index.php?rest_route=\/wp\/v2\/pages\/34\/revisions\/200"}],"wp:attachment":[{"href":"https:\/\/ostcjknjiznica.splet.arnes.si\/index.php?rest_route=%2Fwp%2Fv2%2Fmedia&parent=34"}],"curies":[{"name":"wp","href":"https:\/\/api.w.org\/{rel}","templated":true}]}}