{"id":31,"date":"2022-04-08T10:49:41","date_gmt":"2022-04-08T08:49:41","guid":{"rendered":"https:\/\/ostcjknjiznica.splet.arnes.si\/?page_id=31"},"modified":"2023-02-22T09:15:54","modified_gmt":"2023-02-22T08:15:54","slug":"urnik-izposoje","status":"publish","type":"page","link":"https:\/\/ostcjknjiznica.splet.arnes.si\/?page_id=31","title":{"rendered":"URNIK IZPOSOJE"},"content":{"rendered":"\n<p><\/p>\n\n\n<p><\/p>\n<p><strong>ZA U\u010cENCE <\/strong><\/p>\n<p> <\/p>\n<p><strong>PON \u2013 PET<\/strong><\/p>\n<p> <\/p>\n<p><strong>7. 15<\/strong> &#8211; <strong>8. 20<\/strong>\u00a0\u00a0\u00a0 in\u00a0\u00a0\u00a0 \u00a0<strong>12. 00<\/strong> &#8211; <strong>13. 45<\/strong><\/p>\n<p> <\/p>\n<p>Za namen <strong>IZPOSOJE ZA POUK<\/strong> je knji\u017enica odprta:<\/p>\n<p> <\/p>\n<p><strong>PON \u2013 PET<\/strong><\/p>\n<p> <\/p>\n<p><strong>7. 00 &#8211; 14.\u00a0 00<\/strong><\/p>\n<p> <\/p>\n<p>V \u010dasu \u0161olskih po\u010ditnic je knji\u017enica za izposojo zaprta. Knji\u017enica je za izposojo zaprta tudi:<br \/>&#8211; ko v knji\u017enici poteka pouk ali druga dejavnost,<br \/>&#8211; ko sta knji\u017eni\u010darki odsotni.<\/p>\n<p><\/p>","protected":false},"excerpt":{"rendered":"<p>ZA U\u010cENCE PON \u2013 PET 7. 15 &#8211; 8. 20\u00a0\u00a0\u00a0 in\u00a0\u00a0\u00a0 \u00a012. 00 &#8211; 13. 45 Za namen IZPOSOJE ZA POUK je knji\u017enica odprta: PON \u2013 PET 7. 00 &#8211; 14.\u00a0 00 V \u010dasu \u0161olskih po\u010ditnic je knji\u017enica za izposojo zaprta. Knji\u017enica je za izposojo zaprta tudi:&#8211; ko v knji\u017enici poteka pouk ali druga dejavnost,&#8211; &hellip; <a href=\"https:\/\/ostcjknjiznica.splet.arnes.si\/?page_id=31\" class=\"more-link\">Preberi ve\u010d <span class=\"screen-reader-text\">URNIK IZPOSOJE<\/span> <span class=\"meta-nav\">&rarr;<\/span><\/a><\/p>\n","protected":false},"author":19987,"featured_media":0,"parent":0,"menu_order":0,"comment_status":"closed","ping_status":"closed","template":"","meta":{"footnotes":""},"class_list":["post-31","page","type-page","status-publish","hentry"],"_links":{"self":[{"href":"https:\/\/ostcjknjiznica.splet.arnes.si\/index.php?rest_route=\/wp\/v2\/pages\/31","targetHints":{"allow":["GET"]}}],"collection":[{"href":"https:\/\/ostcjknjiznica.splet.arnes.si\/index.php?rest_route=\/wp\/v2\/pages"}],"about":[{"href":"https:\/\/ostcjknjiznica.splet.arnes.si\/index.php?rest_route=\/wp\/v2\/types\/page"}],"author":[{"embeddable":true,"href":"https:\/\/ostcjknjiznica.splet.arnes.si\/index.php?rest_route=\/wp\/v2\/users\/19987"}],"replies":[{"embeddable":true,"href":"https:\/\/ostcjknjiznica.splet.arnes.si\/index.php?rest_route=%2Fwp%2Fv2%2Fcomments&post=31"}],"version-history":[{"count":3,"href":"https:\/\/ostcjknjiznica.splet.arnes.si\/index.php?rest_route=\/wp\/v2\/pages\/31\/revisions"}],"predecessor-version":[{"id":180,"href":"https:\/\/ostcjknjiznica.splet.arnes.si\/index.php?rest_route=\/wp\/v2\/pages\/31\/revisions\/180"}],"wp:attachment":[{"href":"https:\/\/ostcjknjiznica.splet.arnes.si\/index.php?rest_route=%2Fwp%2Fv2%2Fmedia&parent=31"}],"curies":[{"name":"wp","href":"https:\/\/api.w.org\/{rel}","templated":true}]}}